e 10, what is -309 + 6491?
6182
In base 8, what is -3145 + 1136?
-2007
In base 7, what is 2 - 1125444?
-1125442
In base 11, what is -715 - 3aa5?
-470a
In base 10, what is 59 - -1667?
1726
In base 12, what is 1271 + -1b?
1252
In base 8, what is 6 + -5675?
-5667
In base 2, what is -101 + 10011111100100000?
10011111100011011
In base 4, what is 20130032322 - 2?
20130032320
In base 14, what is -b0a0 + 3?
-b09b
In base 9, what is 2 - -2506766?
2506768
In base 9, what is -3 - -3573?
3570
In base 8, what is -1304211 + -5?
-1304216
In base 15, what is -5 + -82cb?
-82d1
In base 9, what is -18 - -5446?
5427
In base 9, what is -53513 + 4?
-53508
In base 12, what is 30 + 6332?
6362
In base 10, what is -3 - 133208?
-133211
In base 4, what is 11300120 - -30?
11300210
In base 10, what is -957 - 28?
-985
In base 6, what is -502221334 + -1?
-502221335
In base 11, what is -16 + -145811?
-145827
In base 10, what is -12264 - 61?
-12325
In base 2, what is -1011111110 - 1111110?
-1101111100
In base 5, what is 2113424 + 310?
2114234
In base 15, what is b98 + -1d?
b7a
In base 12, what is 30a + 131?
43b
In base 9, what is 12017 - 0?
12017
In base 12, what is -130a3 + 3?
-130a0
In base 4, what is 12 - -2031001123?
2031001201
In base 7, what is 5 + -5633?
-5625
In base 16, what is 1a + 3525?
353f
In base 6, what is -142 + -450335?
-450521
In base 4, what is 313313 - 21310?
232003
In base 6, what is -5 + 100545?
100540
In base 2, what is -101100101 - -100001000?
-1011101
In base 12, what is -3 - 4115?
-4118
In base 5, what is 111 + -21323233?
-21323122
In base 10, what is -2053 - -5?
-2048
In base 15, what is 5ac0 - a?
5ab5
In base 2, what is -101010000000 + 1100101101?
-11101010011
In base 6, what is 11 - -13151?
13202
In base 8, what is 15 - 6103?
-6066
In base 15, what is 33 - -172?
1a5
In base 3, what is 11121000122 + -22?
11121000100
In base 11, what is -118 - 898a?
-8aa7
In base 4, what is 3 - -123300210?
123300213
In base 4, what is 132210 + 10313?
203123
In base 11, what is -30a4 - 10?
-3104
In base 6, what is 502 - 252?
210
In base 9, what is -4 - -22315?
22311
In base 2, what is -10010000010110000 - -11?
-10010000010101101
In base 7, what is 21 - 2364002?
-2363651
In base 15, what is -9e78 - -4?
-9e74
In base 16, what is -3 + -1fa43?
-1fa46
In base 2, what is 10101000 + 1010001?
11111001
In base 15, what is 32 + 1c?
4e
In base 12, what is -4 + 17961?
17959
In base 11, what is a4155 - -1?
a4156
In base 8, what is 2 + -36267?
-36265
In base 10, what is 13607 - 0?
13607
In base 16, what is -ea07d - -4?
-ea079
In base 16, what is -337ab - 1?
-337ac
In base 2, what is -1011010011101 - 10010?
-1011010101111
In base 15, what is -167c43 + -5?
-167c48
In base 14, what is -17 - 217?
-230
In base 5, what is 13341204 + -1?
13341203
In base 4, what is 20323 + 321?
21310
In base 4, what is -1202 + 1111130?
1103322
In base 5, what is -20403 - 22?
-20430
In base 2, what is -1001 + -1011101100111?
-1011101110000
In base 8, what is 15 + 47401?
47416
In base 9, what is 100 - 4871?
-4771
In base 14, what is 1 - -42b06?
42b07
In base 6, what is -5520 - -10?
-5510
In base 5, what is 2012 - 213140?
-211123
In base 5, what is 134 + -144140?
-144001
In base 2, what is 110000010110 - -101?
110000011011
In base 11, what is -4 + -206938?
-206941
In base 6, what is -111550 + 41?
-111505
In base 3, what is -1000222210222200 + -1?
-1000222210222201
In base 12, what is -1834 - 70?
-18a4
In base 16, what is 2 + 1735?
1737
In base 6, what is -22454 + 11?
-22443
In base 10, what is 96 + -811?
-715
In base 9, what is -3 - 17116?
-17120
In base 13, what is -24c8a - 11?
-24c9b
In base 5, what is -1141 + -21104?
-22300
In base 13, what is -2 + 47074?
47072
In base 13, what is 5 + -75b5?
-75b0
In base 6, what is 12 + -100112?
-100100
In base 3, what is 2100 + 100112122?
100121222
In base 2, what is -111011000 + -100000111?
-1011011111
In base 4, what is -20113 + 121301?
101122
In base 4, what is 21021 - -323?
22010
In base 13, what is -25010 + 0?
-25010
In base 5, what is 3 + -4322422?
-4322414
In base 10, what is -613 - 3850?
-4463
In base 7, what is 611 - 34?
544
In base 11, what is -2 - 133512?
-133514
In base 14, what is 3d71 - 2?
3d6d
In base 6, what is -351415 - 4?
-351423
In base 3, what is 1 + 210021?
210022
In base 9, what is -18 + -261?
-280
In base 3, what is -11111 - -1112?
-2222
In base 9, what is 4 - 32651?
-32646
In base 2, what is -1100001001100100 - -1001?
-1100001001011011
In base 15, what is -38bc - 0?
-38bc
In base 5, what is -431 - -203?
-223
In base 6, what is -20 - 113154?
-113214
In base 10, what is -13464 + 330?
-13134
In base 14, what is ba717 - 2?
ba715
In base 4, what is -21 + 1013102?
1013021
In base 2, what is 100100010101001111 - -1?
100100010101010000
In base 15, what is -2dc83 + 2?
-2dc81
In base 12, what is -14b38 + -6?
-14b42
In base 2, what is 11001 + -11101101101011?
-11101101010010
In base 5, what is -14231022 + 11?
-14231011
In base 7, what is -623222 - -2?
-623220
In base 3, what is -2212121 + -2112?
-2222010
In base 9, what is 10 + 4123?
4133
In base 2, what is 10101 + 11110010111011000?
11110010111101101
In base 6, what is -13 + -323550?
-324003
In base 13, what is -6a + b1?
44
In base 2, what is -111100110001110111100 + 100?
-111100110001110111000
In base 12, what is b4 + -13b?
-47
In base 10, what is 197 - 401?
-204
In base 3, what is 101 + 112201020?
112201121
In base 12, what is -3b270 + 3?
-3b269
In base 14, what is -83 - 863?
-906
In base 7, what is 514 + -150?
334
In base 5, what is 1433303 - -11?
1433314
In base 4, what is -1000213 - 11?
-1000230
In base 3, what is -222002110 + -2112?
-222011222
In base 11, what is 20 + 8830?
8850
In base 14, what is 2ab4 - -1?
2ab5
In base 6, what is 550303 + -20?
550243
In base 12, what is -5 + 510aa?
510a5
In base 2, what is 101 - 10101100111010111?
-10101100111010010
In base 11, what is -79 + -950?
-a19
In base 5, what is 202310 - -13?
202323
In base 3, what is -2012 - 121212?
-201001
In base 5, what is 240430302 - -11?
240430313
In base 8, what is -3541 - 121?
-3662
In base 11, what is -1164aa + -3?
-116502
In base 16, what is 5 - -90de?
90e3
In base 3, what is 0 - 102002201?
-102002201
In base 12, what is 56b5 - 6?
56ab
In base 15, what is -1d + -75a?
-778
In base 13, what is -8c + 49?
-43
In base 14, what is a1b + -252?
7a9
In base 14, what is -14139 - -15?
-14124
In base 14, what is 139072 - 5?
13906b
In base 10, what is -3 - 46375?
-46378
In base 16, what is -4 - -11c05?
11c01
In base 9, what is -2 + -32561?
-32563
In base 13, what is -5 - -5b848?
5b843
In base 13, what is 73206 - 2?
73204
In base 4, what is -203 - -222?
13
In base 10, what is 1 + 743216?
743217
In base 4, what is 2130322012 - -2?
2130322020
In base 10, what is 1 - 120236?
-120235
In base 9, what is 2 - 1233?
-1231
In base 13, what is -220 - -1730?
1510
In base 14, what is -5 + -4b5d?
-4b64
In base 8, what is -143420 + -7?
-143427
In base 4, what is -32 - -11200?
11102
In base 3, what is 12020 + 222110?
1011200
In base 6, what is 103025 - 0?
103025
In base 15, what is -76 + 12bc?
1246
In base 6, what is -3 - 2414010?
-2414013
In base 9, what is 175053 - -4?
175057
In base 13, what is 5 - -12b4?
12b9
In base 10, what is 221 + 62?
283
In base 10, what is 159122 + -4?
159118
In base 15, what is -3 + 919ae?
919ab
In base 10, what is -20 - 26135?
-26155
In base 12, what is 21 - 8b9?
-898
In base 12, what is -1 + 4471?
4470
In base 3, what is 100000211 - -1011?
100001222
In base 12, what is -5 - -30919b?
309196
In base 16, what is -3641 + a2?
-359f
In base 6, what is 5 + 204453?
204502
In base 9, what is 4 - 123147?
-123143
In base 15, what is -2 + 3b2e?
3b2c
In base 6, what is -1 - -145440?
145435
In base 5, what is 300 + 1001102?
1001402
In base 9, what is -17716 - 7?
-17724
In base 3, what is -2022111 - 12120?
-2112001
In base 4, what is -31233131 + 10?
-31233121
In base 9, what is -2 + 15403?
15401
In base 13, what is 881 - 4a?
834
In base 6, what is 410533 - -2?
410535
In base 11, what is 453 - -132?
585
In base 12, what is 8aa - 14?
896
In base 4, what is -333303022 + -3?
-333303031
In base 15, what is -10d01 + -e?
-10d10
In base 3, what is 11000110202 + 21?
11000111000
In base 8, what is -265 - 277?
-564
In base 6, what is -45 + -21111?
